he units digit of u(b)?
6
What is the hundreds digit of 476/(-102)*(-936)/14?
3
Let p = 3 + -1. Suppose -p*l = l - 6. Suppose 3*w - 2*b + 3 - 10 = 0, 4*w = -l*b. What is the units digit of w?
1
Suppose 189 = 2*g - 3*w, 5*g - 6*w - 477 = -3*w. What is the tens digit of g?
9
Suppose 7*a + 154 - 434 = 0. What is the units digit of a?
0
Let b(f) = f. Let g(o) = 6*o + 1. Let y(d) = -2*b(d) + g(d). Let h = 6 - 4. What is the units digit of y(h)?
9
Let y = -28 + 84. What is the units digit of y/10 + 12/30?
6
Let l = 270 + -188. What is the units digit of l?
2
Let q be (4/6)/((-3)/(-18)). Suppose -2*f + 49 = 2*x - 1, -q*f = 8. What is the tens digit of x?
2
Let l = -4 - -2. Let o = l + 4. What is the tens digit of (-135)/(-10) + o/(-4)?
1
Let u = 34 - 19. Let s be 18/u*(-20)/6. What is the units digit of 0 + 1 + s/(-4)?
2
Let b = 30 + -24. Let w = 4 + 0. Suppose b = -h + w*k, -5*h - k + 21 = -12. What is the units digit of h?
6
Suppose 0*k + k + 2 = 0. What is the units digit of 27/(-6)*(0 + k)?
9
Let i = 12 + 16. What is the units digit of i?
8
Suppose -3*q = -53 - 313. What is the tens digit of q?
2
Suppose x - 5*x = -100. Suppose -5*v = -x - 10. What is the units digit of v?
7
Let g = -163 - -332. What is the hundreds digit of g?
1
Suppose 2*p = -v - 7, -4*p - 11 - 8 = -3*v. Suppose 3*c - 20 = v. What is the units digit of c?
7
Let t(x) = 2*x**2 - 9*x + 3. Let s be t(6). Suppose -2*z + 23 + s = 0. Suppose 2*b = 4*n + z, 3*b + 4*n - 33 = -0*b. What is the units digit of b?
1
Let v(d) = 68*d - 2. What is the units digit of v(1)?
6
Suppose -z - 2*p = 20, 5*z - 6*z - 5*p - 5 = 0. Let q be (z/(-9))/((-2)/(-6)). What is the units digit of 3*q/3 - 2?
8
Let p(n) = -71*n - 7. What is the units digit of p(-2)?
5
Suppose -4*h - 2*c + 130 = 0, -1 = 3*c + 2. Suppose -4*o = -81 + h. What is the units digit of o?
2
Suppose d + 0*d = 268. What is the tens digit of 20/90 - d/(-9)?
3
Let n = 7 - 18. Let u(a) = -a**3 + 4*a**2 - 7. Let d be u(3). Let g = d - n. What is the tens digit of g?
1
What is the tens digit of 71 - (-5 - 1/(-1))?
7
Let g(a) = a + 3. Let z be g(-5). Let k(l) = -8*l - 3. Let h be k(z). Let m = h + -8. What is the units digit of m?
5
Suppose 0 = -4*y + 8, t + 2*y - 342 = -48. What is the units digit of t?
0
What is the tens digit of ((-2)/(-8) + 2367/(-12))/(-1)?
9
Suppose -3*l = -i - 71, l + 2*i = 4*i + 32. What is the units digit of l?
2
Let p(j) be the first derivative of -j**3/3 - 7*j**2/2 + 3*j - 2. Let l be p(-7). Suppose -3*n = l*x - 0 - 21, 5*n - 15 = -x. What is the units digit of n?
2
Suppose -5*n - 20 = f, 5*n - 5*f + 2*f = -40. Let u(w) = -w - 5. Let v be u(n). Suppose 0 = -2*z + 10 - v. What is the units digit of z?
5
Suppose -m + 181 + 74 = 0. What is the tens digit of m?
5
What is the units digit of (5 + 44/(-8))/((-1)/62)?
1
Let x be 16/(-40) + 557/5. Suppose 10*p - x = 7*p. What is the units digit of p?
7
Suppose -4*b = -42 + 6. Let s(l) = l**2 - 6*l + 2. Let h be s(4). Let t = h + b. What is the units digit of t?
3
What is the tens digit of (0 - -1)/1 + 29?
3
Let d = 201 - 141. What is the units digit of d?
0
Suppose 2*l = 4 + 4. Suppose 0 = -g - l + 21. Suppose g = c - 0. What is the units digit of c?
7
Let x = 8 + 15. Let y = 40 - x. What is the tens digit of y?
1
Let w(z) = -6*z + 30. What is the tens digit of w(-9)?
8
Let k be 0/(-4*(-2)/(-4)). Let m be (-1)/(-1) + k + 1. Suppose 10*f - 5*f - 10 = -3*w, -25 = -m*f + 3*w. What is the units digit of f?
5
Let y be 30/4*64/(-20). Let c be (y/(-42))/((-4)/(-14)). Let t(d) = 3*d**2 + 2. What is the units digit of t(c)?
4
Suppose 27 = j - 0*j. Let d be (-493)/9 - 6/j. Let u = -35 - d. What is the tens digit of u?
2
Suppose -9 = -0*t - t. What is the units digit of t?
9
Let p(d) = d - 5. Let n be p(5). Suppose 4*s - 7*s + 6 = n. What is the units digit of s?
2
Suppose a - 4*a + 6 = 0. Suppose 4*c = -3*u + 5*c + 81, u - a*c = 22. What is the units digit of u?
8
Let x be ((-1)/1)/(4/8). Let c be (0 + 0)/x + -3. Let z(y) = 3*y**2 + 2*y - 4. What is the tens digit of z(c)?
1
Suppose -x = 5*j + 11, -2*j + 5*x - 26 = -0*x. Let c(b) = b**3 + 5*b**2 + 2*b - 4. What is the units digit of c(j)?
8
Let d = -7 - -8. Let p be d + -1 + 60/3. Let h = -14 + p. What is the units digit of h?
6
Let q(n) = 4*n + 2. Let m be q(-3). Let y = m - -17. What is the units digit of y?
7
Suppose 0*y = -4*y + 120. What is the tens digit of y?
3
What is the tens digit of (20/(-7))/((-6)/42)?
2
Let q(n) = -3*n - 1. Let r = -14 + 9. What is the units digit of q(r)?
4
Let l = -31 - -22. Let q(y) = -y - 7. What is the units digit of q(l)?
2
Suppose 2*m = i + 6, 6*m + 6 = 4*m - 5*i. What is the tens digit of (-18)/(-1*3/m)?
1
Suppose 3*p - 4*s - 31 = 0, -5*p + 3 = -s - 26. Suppose -p*f = -3*k - 90, -f + 0*f + 18 = 4*k. What is the units digit of f?
8
Let u = -2 - -7. What is the units digit of u?
5
Suppose -4*w + 3*x = -68, 3*w + 5*x - 48 = 3. What is the tens digit of w?
1
Suppose 200 + 101 = 5*f + h, 4*f + h - 240 = 0. What is the units digit of f?
1
Let u be (-6)/(-2)*2/3. Let a = 0 + u. What is the units digit of -2 + ((-22)/(-1))/a?
9
What is the tens digit of (1/2)/(3/1356)?
2
Suppose 5*f - 6*f + 2 = 0. Suppose -16 = j - f*j. What is the units digit of j?
6
Let h(f) = f**2 + 6*f + 1. Let y be h(-7). Let d = 13 + y. What is the units digit of d?
1
Suppose -4*m + 0*m - 5*q + 77 = 0, -5*m = q - 70. What is the units digit of m?
3
Let r = -11 + 18. What is the units digit of (-11 + r)*(-15)/4?
5
Let z = -17 - -22. Suppose -z*s + 44 = 4*r, -6*r = -2*r + 16. What is the tens digit of s?
1
Suppose 6 - 2 = -2*y, 0 = -w - y - 2. Suppose -5*b + w*i + 33 = -i, -3*b + 30 = -4*i. What is the units digit of b?
6
Let f(b) = -b**3 - 10*b**2 - 7*b + 12. Let a be f(-9). Let y(w) = w**2 + 3*w - 4. Let o be y(a). Let m = o - 7. What is the units digit of m?
7
Suppose 29*q - 240 = 23*q. What is the units digit of q?
0
Let q be 1*(-9 - (3 - 0)). What is the tens digit of 9 + q + (-1 - -24)?
2
Let t(u) = -u + 12. Let z be t(11). What is the units digit of z - ((2 - 5) + -3)?
7
Let i be 8/36 - (-156)/27. Suppose i = -0*v - 2*v. What is the tens digit of 71/5 + v/15?
1
Let w(j) = -j**3 - 8*j**2 + 9*j + 6. Let r be w(-9). Let f be ((-2)/(-6))/(2/r). What is the tens digit of (-5)/(3/6 - f)?
1
Suppose 3*n + 19 = -5*w, 4*w + 16 = -n - n. Let r(m) = 5*m + 1. Let g(z) = 11*z + 3. Let f(s) = n*g(s) - 5*r(s). What is the tens digit of f(-4)?
1
Let j = 51 + -42. What is the units digit of j?
9
Let r = 1 - -1. Suppose 5*u + r*i - 62 = 0, -2*u - 2*u = 3*i - 51. What is the units digit of ((-44)/u)/(1/(-3))?
1
Let m = 10 - 9. What is the units digit of 2/(m/4*2)?
4
Let i be 2 + -2 + 5 - 2. Suppose i*p = -0*p. Suppose p = -o + 3*o - 2. What is the units digit of o?
1
Let j be (-3)/(-2) - (-49)/14. Suppose 2*a = f, j*a + 1 - 2 = 2*f. What is the units digit of a?
1
Let v(u) = 3*u - 5. Let i(y) = -y**3 - y**2 - 4. Let p be i(0). Let k = 0 - p. What is the units digit of v(k)?
7
Let d(s) = 7*s**3 - 3*s**2 - 2*s + 4. What is the units digit of d(2)?
4
Let n = -71 - -268. What is the units digit of n?
7
Let w be (-1 + 4 - 2) + 13. Let o = 22 - w. What is the units digit of o?
8
Let g(m) = -2 + 0*m**2 + 9*m**2 + 5 - m**3 - 2. Let v be g(9). Let u(n) = -n**2 + 3*n - 1. What is the units digit of u(v)?
1
What is the units digit of -2*(-31 - (-1 + -1))?
8
Let t be (-1)/((-3 - -2)/3). Suppose -5*b - 6 = 4. What is the units digit of (1 - b)/t - -4?
5
Let b(f) = 28*f**2 - f + 3. What is the units digit of b(2)?
3
Let i = -48 + 92. What is the tens digit of i?
4
Let o(k) = -4*k + 9. Let a(p) = -10*p + 22. Suppose -d - d = 10. Let z(t) = d*a(t) + 12*o(t). What is the units digit of z(4)?
6
Let s be (1 - -1)/(1 + 1). Let k = 3 + s. Suppose 3*o - k*o + 3 = 0. What is the units digit of o?
3
Let m = -65 + 111. What is the units digit of m?
6
Let r(t) = -1 - 8*t - t**3 + 8*t**3 - 6*t**3 + 9 - 8*t**2. What is the tens digit of r(9)?
1
Let o = 36 - -13. What is the tens digit of o?
4
Let q = 146 - 87. What is the units digit of q?
9
Let l = 44 + -15. What is the units digit of l?
9
Let w(d) = d**2 - 5*d + 12. Let b = -12 - -21. What is the tens digit of w(b)?
4
Suppose 6*k + p - 137 = 2*k, 4*p - 185 = -5*k. What is the units digit of k?
3
Let d = 11 + 7. What is t